{"id":94,"date":"2022-08-27T16:34:07","date_gmt":"2022-08-27T14:34:07","guid":{"rendered":"https:\/\/mittelmeer-skipper.com\/page\/?page_id=94"},"modified":"2022-08-28T10:38:07","modified_gmt":"2022-08-28T08:38:07","slug":"zeichen","status":"publish","type":"page","link":"https:\/\/mittelmeer-skipper.com\/page\/zeichen\/","title":{"rendered":"Zeichen und Abk\u00fcrzungen"},"content":{"rendered":"<p>[et_pb_section fb_built=&#8220;1&#8243; _builder_version=&#8220;4.18.0&#8243; _module_preset=&#8220;default&#8220; background_color=&#8220;#0C71C3&#8243; custom_padding=&#8220;10px||10px||false|false&#8220; hover_enabled=&#8220;0&#8243; box_shadow_style=&#8220;preset3&#8243; box_shadow_color=&#8220;#000000&#8243; global_colors_info=&#8220;{}&#8220; sticky_enabled=&#8220;0&#8243;][et_pb_row _builder_version=&#8220;4.18.0&#8243; _module_preset=&#8220;default&#8220; hover_enabled=&#8220;0&#8243; global_colors_info=&#8220;{}&#8220; custom_padding=&#8220;10px||10px||false|false&#8220; sticky_enabled=&#8220;0&#8243;][et_pb_column type=&#8220;4_4&#8243; _builder_version=&#8220;4.18.0&#8243; _module_preset=&#8220;default&#8220; global_colors_info=&#8220;{}&#8220;][et_pb_text _builder_version=&#8220;4.18.0&#8243; _module_preset=&#8220;default&#8220; background_layout=&#8220;dark&#8220; animation_style=&#8220;slide&#8220; hover_enabled=&#8220;0&#8243; global_colors_info=&#8220;{}&#8220; custom_padding=&#8220;2px||2px||false|false&#8220; sticky_enabled=&#8220;0&#8243;]<\/p>\n<h1>Wichtige Zeichen und Abk\u00fcrzungen f\u00fcr Klein- und Sportschifffahrtskarten<\/h1>\n<p>[\/et_pb_text][\/et_pb_column][\/et_pb_row][\/et_pb_section][et_pb_section fb_built=&#8220;1&#8243; _builder_version=&#8220;4.18.0&#8243; _module_preset=&#8220;default&#8220; global_colors_info=&#8220;{}&#8220;][et_pb_row _builder_version=&#8220;4.18.0&#8243; _module_preset=&#8220;default&#8220; global_colors_info=&#8220;{}&#8220;][et_pb_column type=&#8220;4_4&#8243; _builder_version=&#8220;4.18.0&#8243; _module_preset=&#8220;default&#8220; global_colors_info=&#8220;{}&#8220;][et_pb_image src=&#8220;https:\/\/mittelmeer-skipper.com\/page\/wp-content\/uploads\/2022\/08\/zeichen-1-scaled.jpg&#8220; title_text=&#8220;zeichen 1&#8243; _builder_version=&#8220;4.18.0&#8243; _module_preset=&#8220;default&#8220; global_colors_info=&#8220;{}&#8220;][\/et_pb_image][et_pb_image src=&#8220;https:\/\/mittelmeer-skipper.com\/page\/wp-content\/uploads\/2022\/08\/zeichen-2-scaled.jpg&#8220; title_text=&#8220;zeichen 2&#8243; _builder_version=&#8220;4.18.0&#8243; _module_preset=&#8220;default&#8220; global_colors_info=&#8220;{}&#8220;][\/et_pb_image][et_pb_text _builder_version=&#8220;4.18.0&#8243; _module_preset=&#8220;default&#8220; global_colors_info=&#8220;{}&#8220;]<\/p>\n<p>Quelle: <a href=\"https:\/\/www.bsh.de\/DE\/Home\/home_node.html\" target=\"_blank\" rel=\"noopener\">Bundesamt f\u00fcr Seeschifffahrt und Hydrographie<\/a><\/p>\n<p>[\/et_pb_text][\/et_pb_column][\/et_pb_row][\/et_pb_section]<\/p>\n","protected":false},"excerpt":{"rendered":"<p>Wichtige Zeichen und Abk\u00fcrzungen f\u00fcr Klein- und SportschifffahrtskartenQuelle: Bundesamt f\u00fcr Seeschifffahrt und Hydrographie<\/p>\n","protected":false},"author":3,"featured_media":0,"parent":0,"menu_order":0,"comment_status":"closed","ping_status":"closed","template":"","meta":{"_et_pb_use_builder":"on","_et_pb_old_content":"","_et_gb_content_width":"","footnotes":""},"class_list":["post-94","page","type-page","status-publish","hentry"],"_links":{"self":[{"href":"https:\/\/mittelmeer-skipper.com\/page\/wp-json\/wp\/v2\/pages\/94","targetHints":{"allow":["GET"]}}],"collection":[{"href":"https:\/\/mittelmeer-skipper.com\/page\/wp-json\/wp\/v2\/pages"}],"about":[{"href":"https:\/\/mittelmeer-skipper.com\/page\/wp-json\/wp\/v2\/types\/page"}],"author":[{"embeddable":true,"href":"https:\/\/mittelmeer-skipper.com\/page\/wp-json\/wp\/v2\/users\/3"}],"replies":[{"embeddable":true,"href":"https:\/\/mittelmeer-skipper.com\/page\/wp-json\/wp\/v2\/comments?post=94"}],"version-history":[{"count":24,"href":"https:\/\/mittelmeer-skipper.com\/page\/wp-json\/wp\/v2\/pages\/94\/revisions"}],"predecessor-version":[{"id":240,"href":"https:\/\/mittelmeer-skipper.com\/page\/wp-json\/wp\/v2\/pages\/94\/revisions\/240"}],"wp:attachment":[{"href":"https:\/\/mittelmeer-skipper.com\/page\/wp-json\/wp\/v2\/media?parent=94"}],"curies":[{"name":"wp","href":"https:\/\/api.w.org\/{rel}","templated":true}]}}